{"id":22,"date":"2013-01-07T17:31:41","date_gmt":"2013-01-07T15:31:41","guid":{"rendered":"http:\/\/www.feuerwehr-bruderhof.at\/wp2\/?page_id=22"},"modified":"2024-08-22T20:26:32","modified_gmt":"2024-08-22T18:26:32","slug":"fahrzeuge","status":"publish","type":"page","link":"https:\/\/www.feuerwehr-bruderhof.at\/wp2\/ausrustung\/fahrzeuge\/","title":{"rendered":"Fahrzeuge"},"content":{"rendered":"<p>Der L\u00f6schzug Bruderhof verf\u00fcgt \u00fcber 5 Einsatzfahrzeuge, ein Boot und einen Oldtimer.<\/p>\n<table class=\"tg\">\n<tbody>\n<tr>\n<th class=\"tg-031e\">\n<p><figure id=\"attachment_7026\" aria-describedby=\"caption-attachment-7026\" style=\"width: 250px\" class=\"wp-caption alignnone\"><a href=\"https:\/\/www.feuerwehr-bruderhof.at\/wp2\/ausrustung\/fahrzeuge\/tank-1\/\"><img loading=\"lazy\" decoding=\"async\" class=\"wp-image-7026 size-medium\" src=\"https:\/\/www.feuerwehr-bruderhof.at\/wp2\/wp-content\/uploads\/2015\/06\/Fahrzeug-Tank1-5-250x188.jpg\" alt=\"\" width=\"250\" height=\"188\" srcset=\"https:\/\/www.feuerwehr-bruderhof.at\/wp2\/wp-content\/uploads\/2015\/06\/Fahrzeug-Tank1-5-250x188.jpg 250w, https:\/\/www.feuerwehr-bruderhof.at\/wp2\/wp-content\/uploads\/2015\/06\/Fahrzeug-Tank1-5-150x113.jpg 150w, https:\/\/www.feuerwehr-bruderhof.at\/wp2\/wp-content\/uploads\/2015\/06\/Fahrzeug-Tank1-5-700x525.jpg 700w, https:\/\/www.feuerwehr-bruderhof.at\/wp2\/wp-content\/uploads\/2015\/06\/Fahrzeug-Tank1-5.jpg 1200w\" sizes=\"auto, (max-width: 250px) 100vw, 250px\" \/><\/a><figcaption id=\"caption-attachment-7026\" class=\"wp-caption-text\">Tank 1 Bruderhof<\/figcaption><\/figure><\/th>\n<th class=\"tg-031e\">\n<p><figure id=\"attachment_38744\" aria-describedby=\"caption-attachment-38744\" style=\"width: 250px\" class=\"wp-caption alignnone\"><a href=\"https:\/\/www.feuerwehr-bruderhof.at\/wp2\/ausrustung\/fahrzeuge\/pumpe-1\/\"><img loading=\"lazy\" decoding=\"async\" class=\"wp-image-38744 size-medium\" src=\"https:\/\/www.feuerwehr-bruderhof.at\/wp2\/wp-content\/uploads\/2023\/01\/2022-11-12-Foto-Damjanovoc-Konstantin-1-250x188.jpg\" alt=\"\" width=\"250\" height=\"188\" srcset=\"https:\/\/www.feuerwehr-bruderhof.at\/wp2\/wp-content\/uploads\/2023\/01\/2022-11-12-Foto-Damjanovoc-Konstantin-1-250x188.jpg 250w, https:\/\/www.feuerwehr-bruderhof.at\/wp2\/wp-content\/uploads\/2023\/01\/2022-11-12-Foto-Damjanovoc-Konstantin-1-700x525.jpg 700w, https:\/\/www.feuerwehr-bruderhof.at\/wp2\/wp-content\/uploads\/2023\/01\/2022-11-12-Foto-Damjanovoc-Konstantin-1-150x113.jpg 150w, https:\/\/www.feuerwehr-bruderhof.at\/wp2\/wp-content\/uploads\/2023\/01\/2022-11-12-Foto-Damjanovoc-Konstantin-1-768x576.jpg 768w, https:\/\/www.feuerwehr-bruderhof.at\/wp2\/wp-content\/uploads\/2023\/01\/2022-11-12-Foto-Damjanovoc-Konstantin-1-880x660.jpg 880w, https:\/\/www.feuerwehr-bruderhof.at\/wp2\/wp-content\/uploads\/2023\/01\/2022-11-12-Foto-Damjanovoc-Konstantin-1.jpg 1000w\" sizes=\"auto, (max-width: 250px) 100vw, 250px\" \/><\/a><figcaption id=\"caption-attachment-38744\" class=\"wp-caption-text\">Pumpe 1 Bruderhof<\/figcaption><\/figure><\/th>\n<\/tr>\n<tr>\n<td class=\"tg-031e\">\n<p><figure id=\"attachment_13618\" aria-describedby=\"caption-attachment-13618\" style=\"width: 250px\" class=\"wp-caption alignnone\"><a href=\"https:\/\/www.feuerwehr-bruderhof.at\/wp2\/ausrustung\/fahrzeuge\/tank-2\/\"><img loading=\"lazy\" decoding=\"async\" class=\"wp-image-13618 size-medium\" src=\"https:\/\/www.feuerwehr-bruderhof.at\/wp2\/wp-content\/uploads\/2019\/07\/20190703-Tank-2-neu-Aufbau-Magirus-Fotos-Ziss-1-250x188.jpg\" alt=\"\" width=\"250\" height=\"188\" srcset=\"https:\/\/www.feuerwehr-bruderhof.at\/wp2\/wp-content\/uploads\/2019\/07\/20190703-Tank-2-neu-Aufbau-Magirus-Fotos-Ziss-1-250x188.jpg 250w, https:\/\/www.feuerwehr-bruderhof.at\/wp2\/wp-content\/uploads\/2019\/07\/20190703-Tank-2-neu-Aufbau-Magirus-Fotos-Ziss-1-150x113.jpg 150w, https:\/\/www.feuerwehr-bruderhof.at\/wp2\/wp-content\/uploads\/2019\/07\/20190703-Tank-2-neu-Aufbau-Magirus-Fotos-Ziss-1-768x576.jpg 768w, https:\/\/www.feuerwehr-bruderhof.at\/wp2\/wp-content\/uploads\/2019\/07\/20190703-Tank-2-neu-Aufbau-Magirus-Fotos-Ziss-1-700x525.jpg 700w\" sizes=\"auto, (max-width: 250px) 100vw, 250px\" \/><\/a><figcaption id=\"caption-attachment-13618\" class=\"wp-caption-text\"><strong>Tank 2 Bruderhof<\/strong><\/figcaption><\/figure><\/td>\n<td class=\"tg-031e\">\n<p><figure id=\"attachment_13603\" aria-describedby=\"caption-attachment-13603\" style=\"width: 250px\" class=\"wp-caption alignnone\"><a style=\"color: #303030; outline: 0px;\" href=\"https:\/\/www.feuerwehr-bruderhof.at\/wp2\/ausrustung\/fahrzeuge\/pumpe-2\/\"><img loading=\"lazy\" decoding=\"async\" class=\"wp-image-13603 size-medium\" src=\"https:\/\/www.feuerwehr-bruderhof.at\/wp2\/wp-content\/uploads\/2019\/07\/20190703-Pumpe-2-neu-Aufbau-Seiwald-Fotos-Ziss-1-250x188.jpg\" alt=\"\" width=\"250\" height=\"188\" srcset=\"https:\/\/www.feuerwehr-bruderhof.at\/wp2\/wp-content\/uploads\/2019\/07\/20190703-Pumpe-2-neu-Aufbau-Seiwald-Fotos-Ziss-1-250x188.jpg 250w, https:\/\/www.feuerwehr-bruderhof.at\/wp2\/wp-content\/uploads\/2019\/07\/20190703-Pumpe-2-neu-Aufbau-Seiwald-Fotos-Ziss-1-150x113.jpg 150w, https:\/\/www.feuerwehr-bruderhof.at\/wp2\/wp-content\/uploads\/2019\/07\/20190703-Pumpe-2-neu-Aufbau-Seiwald-Fotos-Ziss-1-768x576.jpg 768w, https:\/\/www.feuerwehr-bruderhof.at\/wp2\/wp-content\/uploads\/2019\/07\/20190703-Pumpe-2-neu-Aufbau-Seiwald-Fotos-Ziss-1-700x525.jpg 700w\" sizes=\"auto, (max-width: 250px) 100vw, 250px\" \/><\/a><figcaption id=\"caption-attachment-13603\" class=\"wp-caption-text\"><strong>Pumpe 2 Bruderhof<\/strong><\/figcaption><\/figure><\/td>\n<\/tr>\n<tr>\n<td class=\"tg-031e\">\n<p><figure id=\"attachment_7142\" aria-describedby=\"caption-attachment-7142\" style=\"width: 250px\" class=\"wp-caption alignnone\"><a style=\"color: #303030; outline: 0px;\" href=\"https:\/\/www.feuerwehr-bruderhof.at\/wp2\/ausrustung\/fahrzeuge\/last\/\"><img loading=\"lazy\" decoding=\"async\" class=\"wp-image-7142 size-medium\" src=\"https:\/\/www.feuerwehr-bruderhof.at\/wp2\/wp-content\/uploads\/2015\/08\/Fahrzeuge-Last-2-250x188.jpg\" alt=\"\" width=\"250\" height=\"188\" srcset=\"https:\/\/www.feuerwehr-bruderhof.at\/wp2\/wp-content\/uploads\/2015\/08\/Fahrzeuge-Last-2-250x188.jpg 250w, https:\/\/www.feuerwehr-bruderhof.at\/wp2\/wp-content\/uploads\/2015\/08\/Fahrzeuge-Last-2-150x113.jpg 150w, https:\/\/www.feuerwehr-bruderhof.at\/wp2\/wp-content\/uploads\/2015\/08\/Fahrzeuge-Last-2-700x525.jpg 700w, https:\/\/www.feuerwehr-bruderhof.at\/wp2\/wp-content\/uploads\/2015\/08\/Fahrzeuge-Last-2.jpg 1200w\" sizes=\"auto, (max-width: 250px) 100vw, 250px\" \/><\/a><figcaption id=\"caption-attachment-7142\" class=\"wp-caption-text\"><strong>Last Bruderhof<\/strong><\/figcaption><\/figure><\/td>\n<td class=\"tg-031e\">\n<p><figure id=\"attachment_38153\" aria-describedby=\"caption-attachment-38153\" style=\"width: 250px\" class=\"wp-caption alignnone\"><a href=\"https:\/\/www.feuerwehr-bruderhof.at\/wp2\/ausrustung\/fahrzeuge\/boot\/\"><img loading=\"lazy\" decoding=\"async\" class=\"wp-image-38153 size-medium\" src=\"https:\/\/www.feuerwehr-bruderhof.at\/wp2\/wp-content\/uploads\/2021\/09\/07.09.2021-Schulung-Boot-und-Kran-SchoMax-1-250x188.jpg\" alt=\"\" width=\"250\" height=\"188\" srcset=\"https:\/\/www.feuerwehr-bruderhof.at\/wp2\/wp-content\/uploads\/2021\/09\/07.09.2021-Schulung-Boot-und-Kran-SchoMax-1-250x188.jpg 250w, https:\/\/www.feuerwehr-bruderhof.at\/wp2\/wp-content\/uploads\/2021\/09\/07.09.2021-Schulung-Boot-und-Kran-SchoMax-1-700x525.jpg 700w, https:\/\/www.feuerwehr-bruderhof.at\/wp2\/wp-content\/uploads\/2021\/09\/07.09.2021-Schulung-Boot-und-Kran-SchoMax-1-150x113.jpg 150w, https:\/\/www.feuerwehr-bruderhof.at\/wp2\/wp-content\/uploads\/2021\/09\/07.09.2021-Schulung-Boot-und-Kran-SchoMax-1-768x576.jpg 768w, https:\/\/www.feuerwehr-bruderhof.at\/wp2\/wp-content\/uploads\/2021\/09\/07.09.2021-Schulung-Boot-und-Kran-SchoMax-1-1536x1152.jpg 1536w, https:\/\/www.feuerwehr-bruderhof.at\/wp2\/wp-content\/uploads\/2021\/09\/07.09.2021-Schulung-Boot-und-Kran-SchoMax-1-880x660.jpg 880w, https:\/\/www.feuerwehr-bruderhof.at\/wp2\/wp-content\/uploads\/2021\/09\/07.09.2021-Schulung-Boot-und-Kran-SchoMax-1.jpg 1600w\" sizes=\"auto, (max-width: 250px) 100vw, 250px\" \/><\/a><figcaption id=\"caption-attachment-38153\" class=\"wp-caption-text\"><strong>Boot Bruderhof<\/strong><\/figcaption><\/figure><\/td>\n<\/tr>\n<tr>\n<td class=\"tg-031e\">\n<div class=\"mceTemp\">\n<figure id=\"attachment_7055\" aria-describedby=\"caption-attachment-7055\" style=\"width: 250px\" class=\"wp-caption alignnone\"><a href=\"https:\/\/www.feuerwehr-bruderhof.at\/wp2\/ausrustung\/fahrzeuge\/unser-oldtimer\/\"><img loading=\"lazy\" decoding=\"async\" class=\"wp-image-7055 size-medium\" src=\"https:\/\/www.feuerwehr-bruderhof.at\/wp2\/wp-content\/uploads\/2015\/08\/Mucki-250x188.jpg\" alt=\"\" width=\"250\" height=\"188\" srcset=\"https:\/\/www.feuerwehr-bruderhof.at\/wp2\/wp-content\/uploads\/2015\/08\/Mucki-250x188.jpg 250w, https:\/\/www.feuerwehr-bruderhof.at\/wp2\/wp-content\/uploads\/2015\/08\/Mucki-150x113.jpg 150w, https:\/\/www.feuerwehr-bruderhof.at\/wp2\/wp-content\/uploads\/2015\/08\/Mucki-700x525.jpg 700w, https:\/\/www.feuerwehr-bruderhof.at\/wp2\/wp-content\/uploads\/2015\/08\/Mucki.jpg 1024w\" sizes=\"auto, (max-width: 250px) 100vw, 250px\" \/><\/a><figcaption id=\"caption-attachment-7055\" class=\"wp-caption-text\"><strong>Unser Oldtimer &#8222;Mucki&#8220;<\/strong><\/figcaption><\/figure>\n<\/div>\n<\/td>\n<td class=\"tg-031e\">\n<div class=\"mceTemp\"><\/div>\n<p><figure id=\"attachment_40910\" aria-describedby=\"caption-attachment-40910\" style=\"width: 250px\" class=\"wp-caption alignnone\"><img loading=\"lazy\" decoding=\"async\" class=\"wp-image-40910 size-medium\" src=\"https:\/\/www.feuerwehr-bruderhof.at\/wp2\/wp-content\/uploads\/2024\/08\/WhatsApp-Image-2024-08-22-at-20.23.14-250x333.jpeg\" alt=\"\" width=\"250\" height=\"333\" srcset=\"https:\/\/www.feuerwehr-bruderhof.at\/wp2\/wp-content\/uploads\/2024\/08\/WhatsApp-Image-2024-08-22-at-20.23.14-250x333.jpeg 250w, https:\/\/www.feuerwehr-bruderhof.at\/wp2\/wp-content\/uploads\/2024\/08\/WhatsApp-Image-2024-08-22-at-20.23.14-700x933.jpeg 700w, https:\/\/www.feuerwehr-bruderhof.at\/wp2\/wp-content\/uploads\/2024\/08\/WhatsApp-Image-2024-08-22-at-20.23.14-113x150.jpeg 113w, https:\/\/www.feuerwehr-bruderhof.at\/wp2\/wp-content\/uploads\/2024\/08\/WhatsApp-Image-2024-08-22-at-20.23.14-768x1024.jpeg 768w, https:\/\/www.feuerwehr-bruderhof.at\/wp2\/wp-content\/uploads\/2024\/08\/WhatsApp-Image-2024-08-22-at-20.23.14-1152x1536.jpeg 1152w, https:\/\/www.feuerwehr-bruderhof.at\/wp2\/wp-content\/uploads\/2024\/08\/WhatsApp-Image-2024-08-22-at-20.23.14.jpeg 1200w\" sizes=\"auto, (max-width: 250px) 100vw, 250px\" \/><figcaption id=\"caption-attachment-40910\" class=\"wp-caption-text\"><strong>Anh\u00e4nger Bruderhof<\/strong><\/figcaption><\/figure><\/td>\n<\/tr>\n<\/tbody>\n<\/table>\n<p>&nbsp;<\/p>\n<p>&nbsp;<\/p>\n<p>&nbsp;<\/p>\n","protected":false},"excerpt":{"rendered":"<p>Der L\u00f6schzug Bruderhof verf\u00fcgt \u00fcber 5 Einsatzfahrzeuge, ein Boot und einen Oldtimer. &nbsp; &nbsp; &nbsp;<\/p>\n","protected":false},"author":1,"featured_media":0,"parent":11,"menu_order":1,"comment_status":"closed","ping_status":"closed","template":"","meta":{"footnotes":""},"class_list":["post-22","page","type-page","status-publish","hentry"],"_links":{"self":[{"href":"https:\/\/www.feuerwehr-bruderhof.at\/wp2\/wp-json\/wp\/v2\/pages\/22","targetHints":{"allow":["GET"]}}],"collection":[{"href":"https:\/\/www.feuerwehr-bruderhof.at\/wp2\/wp-json\/wp\/v2\/pages"}],"about":[{"href":"https:\/\/www.feuerwehr-bruderhof.at\/wp2\/wp-json\/wp\/v2\/types\/page"}],"author":[{"embeddable":true,"href":"https:\/\/www.feuerwehr-bruderhof.at\/wp2\/wp-json\/wp\/v2\/users\/1"}],"replies":[{"embeddable":true,"href":"https:\/\/www.feuerwehr-bruderhof.at\/wp2\/wp-json\/wp\/v2\/comments?post=22"}],"version-history":[{"count":26,"href":"https:\/\/www.feuerwehr-bruderhof.at\/wp2\/wp-json\/wp\/v2\/pages\/22\/revisions"}],"predecessor-version":[{"id":40912,"href":"https:\/\/www.feuerwehr-bruderhof.at\/wp2\/wp-json\/wp\/v2\/pages\/22\/revisions\/40912"}],"up":[{"embeddable":true,"href":"https:\/\/www.feuerwehr-bruderhof.at\/wp2\/wp-json\/wp\/v2\/pages\/11"}],"wp:attachment":[{"href":"https:\/\/www.feuerwehr-bruderhof.at\/wp2\/wp-json\/wp\/v2\/media?parent=22"}],"curies":[{"name":"wp","href":"https:\/\/api.w.org\/{rel}","templated":true}]}}