{"id":5015,"date":"2013-03-17T14:36:41","date_gmt":"2013-03-17T13:36:41","guid":{"rendered":"http:\/\/www.feuerwehr-bruderhof.at\/wp2\/?page_id=5015"},"modified":"2019-03-26T08:25:55","modified_gmt":"2019-03-26T07:25:55","slug":"restaurierung-die-demontage-des-motors","status":"publish","type":"page","link":"https:\/\/www.feuerwehr-bruderhof.at\/wp2\/ausrustung\/fahrzeuge\/unser-oldtimer\/restaurierung-die-demontage-des-motors\/","title":{"rendered":"Restaurierung &#8211; Die Demontage des Motors"},"content":{"rendered":"<p style=\"text-align: left;\"><a href=\"https:\/\/www.feuerwehr-bruderhof.at\/wp2\/wp-content\/uploads\/2013\/03\/DSCF0746.jpg\"><img loading=\"lazy\" decoding=\"async\" class=\"alignright size-full wp-image-7259\" src=\"https:\/\/www.feuerwehr-bruderhof.at\/wp2\/wp-content\/uploads\/2013\/03\/DSCF0746.jpg\" alt=\"DSCF0746\" width=\"283\" height=\"213\" srcset=\"https:\/\/www.feuerwehr-bruderhof.at\/wp2\/wp-content\/uploads\/2013\/03\/DSCF0746.jpg 283w, https:\/\/www.feuerwehr-bruderhof.at\/wp2\/wp-content\/uploads\/2013\/03\/DSCF0746-150x113.jpg 150w, https:\/\/www.feuerwehr-bruderhof.at\/wp2\/wp-content\/uploads\/2013\/03\/DSCF0746-250x188.jpg 250w\" sizes=\"auto, (max-width: 283px) 100vw, 283px\" \/><\/a>Am Freitag, den 24.06.2005 ist es soweit! Wir beginnen mit der Restauration unseres stets treuen und braven \u201cMucki\u201d.<br \/>\nNach einigen Besprechungen sind wir uns einig, da\u00df als erstes der Motor \u00fcberholt und vor allem abgedichtet werden mu\u00df, da unser Blitz in dieser Hinsicht ein \u201cAuslaufmodell\u201d wurde und seinen Standplatz mit einem Tropfen \u00d6l markiert hat, was wir bisher mit \u00d6lwannen unter dem Fahrzeug gel\u00f6st hatten.<br \/>\nDa an seinem derzeitigen Platz kein vern\u00fcnftiges Arbeiten am eingebauten Motor m\u00f6glich ist, stand fest: das Herz von Mucki mu\u00df &#8218;raus, um es in unserer Werkst\u00e4tte in Ruhe bearbeiten zu k\u00f6nnen. Da\u00df auch manch Herz eines Muckianh\u00e4ngers dabei bluten w\u00fcrde, war klar!<br \/>\nZu allererst mu\u00df ein Motorbock gefertigt werden. Da unsere Schlosser allesamt in Auftr\u00e4gen ersticken und tw. am Vorabend der Demontage noch absagen, blieb nichts anderes \u00fcbrig, als schnell noch die Konstruktion aus Holz anzugehen.<br \/>\nAus 8x8cm -St\u00fccken und einer Flut von Eckverbindern mit Spax\u2122-Schrauben haben wir eine halbwegs stabile L\u00f6sung gefunden, um das \u201cNockerl\u201d mit seinen ca. 200kg sicher ablegen zu k\u00f6nnen. Der Motor wird auf zus. Holzbacken und 4 Stk. M12x200 Schrauben robust am Wagerl aufliegen!<\/p>\n<p><a href=\"https:\/\/www.feuerwehr-bruderhof.at\/wp2\/wp-content\/uploads\/2013\/03\/DSCF0747.jpg\"><img loading=\"lazy\" decoding=\"async\" class=\"size-full wp-image-7260 alignleft\" src=\"https:\/\/www.feuerwehr-bruderhof.at\/wp2\/wp-content\/uploads\/2013\/03\/DSCF0747.jpg\" alt=\"DSCF0747\" width=\"283\" height=\"213\" srcset=\"https:\/\/www.feuerwehr-bruderhof.at\/wp2\/wp-content\/uploads\/2013\/03\/DSCF0747.jpg 283w, https:\/\/www.feuerwehr-bruderhof.at\/wp2\/wp-content\/uploads\/2013\/03\/DSCF0747-150x113.jpg 150w, https:\/\/www.feuerwehr-bruderhof.at\/wp2\/wp-content\/uploads\/2013\/03\/DSCF0747-250x188.jpg 250w\" sizes=\"auto, (max-width: 283px) 100vw, 283px\" \/><\/a><\/p>\n<p><a href=\"https:\/\/www.feuerwehr-bruderhof.at\/wp2\/wp-content\/uploads\/2013\/03\/DSCF0749.jpg\"><img loading=\"lazy\" decoding=\"async\" class=\"alignright size-full wp-image-7261\" src=\"https:\/\/www.feuerwehr-bruderhof.at\/wp2\/wp-content\/uploads\/2013\/03\/DSCF0749.jpg\" alt=\"DSCF0749\" width=\"284\" height=\"213\" srcset=\"https:\/\/www.feuerwehr-bruderhof.at\/wp2\/wp-content\/uploads\/2013\/03\/DSCF0749.jpg 284w, https:\/\/www.feuerwehr-bruderhof.at\/wp2\/wp-content\/uploads\/2013\/03\/DSCF0749-150x113.jpg 150w, https:\/\/www.feuerwehr-bruderhof.at\/wp2\/wp-content\/uploads\/2013\/03\/DSCF0749-250x188.jpg 250w\" sizes=\"auto, (max-width: 284px) 100vw, 284px\" \/><\/a><\/p>\n<p>&nbsp;<\/p>\n<p>&nbsp;<\/p>\n<p>&nbsp;<\/p>\n<p>&nbsp;<\/p>\n<p>&nbsp;<\/p>\n<p>&nbsp;<\/p>\n<p>Bereits am 24.06. haben wir mit der Demontage der Anbauteile begonnen; Motor\u00f6l, Schaltgetriebe\u00f6l, K\u00fchlwasser abgelassen;<br \/>\nK\u00fchler samt \u00d6lk\u00fchl<a href=\"https:\/\/www.feuerwehr-bruderhof.at\/wp2\/wp-content\/uploads\/2013\/03\/DSCF0750.jpg\"><img loading=\"lazy\" decoding=\"async\" class=\"size-large wp-image-7262 alignleft\" src=\"https:\/\/www.feuerwehr-bruderhof.at\/wp2\/wp-content\/uploads\/2013\/03\/DSCF0750.jpg\" alt=\"DSCF0750\" width=\"283\" height=\"213\" srcset=\"https:\/\/www.feuerwehr-bruderhof.at\/wp2\/wp-content\/uploads\/2013\/03\/DSCF0750.jpg 283w, https:\/\/www.feuerwehr-bruderhof.at\/wp2\/wp-content\/uploads\/2013\/03\/DSCF0750-150x113.jpg 150w, https:\/\/www.feuerwehr-bruderhof.at\/wp2\/wp-content\/uploads\/2013\/03\/DSCF0750-250x188.jpg 250w\" sizes=\"auto, (max-width: 283px) 100vw, 283px\" \/><\/a>er, Vergaser samt allen Bodenz\u00fcgen und Gest\u00e4ngen; elektr. Zuleitungen, usw&#8230;<\/p>\n<p>&nbsp;<\/p>\n<p>Es ging eigentlich alles tadellos und z\u00fcgig von der Hand, aber die Zeit verrinnt ebenso z\u00fcgig und schon war&#8217;s 8:00 abends&#8230;<\/p>\n<p>&nbsp;<\/p>\n<p>Am n\u00e4chsten Tag haben wir uns um 8:00 morgens (an einem Samstag \u2013 g\u00e4hn) wieder in der Wache getroffen, um das Transportvehikel zum Muckistandplatz zu schaffen. Thomas mit seinem Traktor hat sich f\u00fcr 11:00 angemeldet. Seinem 125PS-Boliden sind die knapp 200kg nur ein Achselzucken wert! Also hatten wir noch ca. 2 Stunden Zeit, um nach dem Antransport mit der Demontage des Schaltgetriebes zu beginnen.<\/p>\n<p>&nbsp;<\/p>\n<p>Perfektes Timing: um ca. 10:15 war das Getriebe abgebaut und Erich unter dem Motor mit dem restlichen K\u00fchlwasser aus der Pumpenheizung gebadet. \u00dcberp\u00fcnktlich um 10:30 war Thomas da. Dann ging&#8217;s ans Eingemachte: Der Motor mu\u00df jetzt wirklich &#8218;raus:<\/p>\n<p>&nbsp;<\/p>\n<p>Geschafft!!! Da h\u00e4ngt er schon im Freien!<a href=\"https:\/\/www.feuerwehr-bruderhof.at\/wp2\/wp-content\/uploads\/2013\/03\/DSCF0758.jpg\"><img loading=\"lazy\" decoding=\"async\" class=\"size-full wp-image-7263 aligncenter\" src=\"https:\/\/www.feuerwehr-bruderhof.at\/wp2\/wp-content\/uploads\/2013\/03\/DSCF0758.jpg\" alt=\"DSCF0758\" width=\"425\" height=\"319\" srcset=\"https:\/\/www.feuerwehr-bruderhof.at\/wp2\/wp-content\/uploads\/2013\/03\/DSCF0758.jpg 425w, https:\/\/www.feuerwehr-bruderhof.at\/wp2\/wp-content\/uploads\/2013\/03\/DSCF0758-150x113.jpg 150w, https:\/\/www.feuerwehr-bruderhof.at\/wp2\/wp-content\/uploads\/2013\/03\/DSCF0758-250x188.jpg 250w\" sizes=\"auto, (max-width: 425px) 100vw, 425px\" \/><\/a><\/p>\n<p>Der Motor ist am Fahrgestell verschraubt, und Thomas bef\u00f6rdert ihn \u201cin die Luft\u201d &#8230; Abreisefertig&#8230;<\/p>\n<p><a href=\"https:\/\/www.feuerwehr-bruderhof.at\/wp2\/wp-content\/uploads\/2013\/03\/DSCF0763.jpg\"><img loading=\"lazy\" decoding=\"async\" class=\"size-full wp-image-7264 alignleft\" src=\"https:\/\/www.feuerwehr-bruderhof.at\/wp2\/wp-content\/uploads\/2013\/03\/DSCF0763.jpg\" alt=\"DSCF0763\" width=\"283\" height=\"213\" srcset=\"https:\/\/www.feuerwehr-bruderhof.at\/wp2\/wp-content\/uploads\/2013\/03\/DSCF0763.jpg 283w, https:\/\/www.feuerwehr-bruderhof.at\/wp2\/wp-content\/uploads\/2013\/03\/DSCF0763-150x113.jpg 150w, https:\/\/www.feuerwehr-bruderhof.at\/wp2\/wp-content\/uploads\/2013\/03\/DSCF0763-250x188.jpg 250w\" sizes=\"auto, (max-width: 283px) 100vw, 283px\" \/><\/a><\/p>\n<p>&nbsp;<\/p>\n<p>&nbsp;<\/p>\n<p>&nbsp;<\/p>\n<p>&nbsp;<\/p>\n<p>&nbsp;<\/p>\n<p>&nbsp;<\/p>\n<p>&nbsp;<\/p>\n<p><a title=\"Allgemeine Angaben zu unserem Mucki\" href=\"https:\/\/www.feuerwehr-bruderhof.at\/wp2\/?page_id=5005\"><span style=\"float: left;\">&lt;&lt; Zur\u00fcck<\/span><\/a><a title=\"Restaurierung \u2013 Die Motor\u00fcberholung\" href=\"https:\/\/www.feuerwehr-bruderhof.at\/wp2\/?page_id=5053\"><span style=\"float: right;\">Weiter &gt;&gt;<\/span><\/a><\/p>\n","protected":false},"excerpt":{"rendered":"<p>Am Freitag, den 24.06.2005 ist es soweit! Wir beginnen mit der Restauration unseres stets treuen und braven \u201cMucki\u201d. Nach einigen<\/p>\n","protected":false},"author":1,"featured_media":0,"parent":78,"menu_order":1,"comment_status":"open","ping_status":"closed","template":"","meta":{"footnotes":""},"class_list":["post-5015","page","type-page","status-publish","hentry"],"_links":{"self":[{"href":"https:\/\/www.feuerwehr-bruderhof.at\/wp2\/wp-json\/wp\/v2\/pages\/5015","targetHints":{"allow":["GET"]}}],"collection":[{"href":"https:\/\/www.feuerwehr-bruderhof.at\/wp2\/wp-json\/wp\/v2\/pages"}],"about":[{"href":"https:\/\/www.feuerwehr-bruderhof.at\/wp2\/wp-json\/wp\/v2\/types\/page"}],"author":[{"embeddable":true,"href":"https:\/\/www.feuerwehr-bruderhof.at\/wp2\/wp-json\/wp\/v2\/users\/1"}],"replies":[{"embeddable":true,"href":"https:\/\/www.feuerwehr-bruderhof.at\/wp2\/wp-json\/wp\/v2\/comments?post=5015"}],"version-history":[{"count":17,"href":"https:\/\/www.feuerwehr-bruderhof.at\/wp2\/wp-json\/wp\/v2\/pages\/5015\/revisions"}],"predecessor-version":[{"id":7265,"href":"https:\/\/www.feuerwehr-bruderhof.at\/wp2\/wp-json\/wp\/v2\/pages\/5015\/revisions\/7265"}],"up":[{"embeddable":true,"href":"https:\/\/www.feuerwehr-bruderhof.at\/wp2\/wp-json\/wp\/v2\/pages\/78"}],"wp:attachment":[{"href":"https:\/\/www.feuerwehr-bruderhof.at\/wp2\/wp-json\/wp\/v2\/media?parent=5015"}],"curies":[{"name":"wp","href":"https:\/\/api.w.org\/{rel}","templated":true}]}}